g(q) = q + 26. Let b be g(9). Suppose -z + b = -r, -113 = r + 2*r + 5*z. What is the remainder when 52 is divided by -2 - 6*32/r*3?
10
Let w = -3146 + 3259. Calculate the remainder when 351 is divided by w.
12
Suppose 421 - 984 - 1032 = -5*v. What is the remainder when 738 is divided by v?
100
Calculate the remainder when ((22 + -19951)/21)/(-1) is divided by 382.
185
Suppose -3*y - 6*q - 4248 = -7*y, 2126 = 2*y - 2*q. Calculate the remainder when y is divided by 89.
86
Let l = 18 - -54. What is the remainder when l is divided by 139/139 + (2 - 3)*-18?
15
Suppose -9*j = -2*w - 6*j + 534, -3*w + 4*j + 801 = 0. Calculate the remainder when w is divided by 53.
2
Suppose -3*o = -3*b - 20384 - 1315, -3*b + 72356 = 10*o. What is the remainder when o is divided by 11?
8
Let f(t) = -2*t**3 + t**2 - 2*t + 1. Let y be f(-2). Let v = 84 - y. What is the remainder when v is divided by (-1 + -17)/2 + ((-78)/24)/(266/(-1064))?
3
Let n(g) = g**2 + g - 27. Suppose -2*t + 232 = y, -566 - 317 = -4*y + t. What is the remainder when y is divided by n(-9)?
42
Let t(g) = g**3 + 16*g**2 + 3*g + 20. Let p be t(-16). Let m be (3/(-12) - 2/8)*p. Suppose 7*y = m*y - 210. Calculate the remainder when 87 is divided by y.
27
Let w(m) be the first derivative of -m**2/2 + 42*m + 34. What is the remainder when w(25) is divided by 1/((-2)/(-4)) + 2?
1
Suppose 4*b = 4*y + 8, -4*b + 0*y + 7 = -3*y. Suppose 0 = -2*i + 3*i - b. Calculate the remainder when 15 is divided by (-24)/(-32) - -13*i/4.
3
Let j be -1 + (-1 - 10/(-2)). Suppose 23*b - 45*b - 32 = -24*b. Suppose 0 = -j*f - 2*p, 2*f - 5*p - b = -p. What is the remainder when 13 is divided by f?
1
Let y(b) = 21*b + 284. Let u(a) = 5*a + 71. Let t(o) = 9*u(o) - 2*y(o). What is the remainder when t(-5) is divided by 40?
16
Let m(u) = u**3 - 7*u**2 + 3*u + 2. Let t be m(6). Let i(w) = -144*w + 15. Let q be i(t). What is the remainder when (-2)/(-5) + 2 + q/15 is divided by 40?
37
Suppose -4*c = 3*h - 8609, 5*h - 1555*c - 14409 = -1553*c. Calculate the remainder when h is divided by 67.
65
Let w be (3/(-12) - (-1)/4)/3. Suppose -3 = -d - 0*d, g - 4*d + 8 = w. Calculate the remainder when (-4)/(-6)*(484/8 + g) is divided by 11.
10
Let u(w) = w**3 + 14*w**2 - w + 51. Suppose j + 8 = o - 10, 3*o = 5*j + 82. What is the remainder when u(j) is divided by 14?
9
Let n(g) = -2*g**2 + 23*g + 38. What is the remainder when 205 is divided by n(10)?
1
Suppose 0 = -0*y + y - 163. Let r(c) = 51*c - 193. Calculate the remainder when y is divided by r(4).
9
What is the remainder when 244 is divided by (0/4 - 2)*(-24 + -17)?
80
Let a = -12 + 37. Let t(j) = 41*j + 212. What is the remainder when a is divided by t(-5)?
4
Calculate the remainder when (-3120)/(-224) - 14 - 24489/(-42) is divided by 187.
22
Suppose -w + 66 = 5*w. Suppose -5*c + 30 = 4*j + j, -j + 4*c = -w. Suppose j*d = 18*d - 396. Calculate the remainder when 105 is divided by d.
33
Let z = 358 - 358. Suppose -5*m + 340 = 2*p, z = -p - p + 4*m + 358. What is the remainder when p is divided by 36?
31
Calculate the remainder when (292*33/(-20))/((-3)/15) is divided by 795.
24
Suppose -q + t = -19 + 406, 3*t - 395 = q. Let z = 405 + q. Calculate the remainder when 40 is divided by z.
18
Let i = 164 - 130. Suppose 4*b - 6*b + 12 = 0. Suppose b*u = 3*u + 702. Calculate the remainder when u is divided by i.
30
Suppose -107*k + 104*k - 864 = -3*c, 1142 = 4*c + k. What is the remainder when c is divided by 76?
58
Let x = 35 + -16. Suppose 4*s + 5*b + 2 - 12 = 0, 0 = -3*s - 5*b + 5. Suppose s*q - h - 455 = -3*h, 2*h = -10. What is the remainder when q is divided by x?
17
Suppose -13*a + 4*p = -10*a - 209, -3*p = -3. Suppose -a*b = -65*b - 168. Calculate the remainder when 109 is divided by b.
25
Let s(l) be the first derivative of -2*l**3/3 + l**2/2 - 2*l + 31. Let y be s(3). Let f(j) = -4*j - 57. Calculate the remainder when f(y) is divided by 9.
2
Suppose 0 = -4*y - 3*i + 603, -89*y + 5*i - 755 = -94*y. What is the remainder when y is divided by 55?
40
Suppose -110 = 3*f - 13*f. Suppose -2*o + 60 = 4*t, -f*t = -4*o - 8*t + 87. Let j = 259 - 167. Calculate the remainder when j is divided by o.
20
Suppose 4*h + 5*i = 169, 4*h - 4*i - 114 = 82. Let l(d) = -24*d + 1. What is the remainder when h is divided by l(-1)?
21
Suppose 4*m = -4*t + 184, -3*t = 31*m - 32*m - 150. What is the remainder when t is divided by 38?
11
Suppose 0 = -56*k + 425 + 415. Suppose 0 = 5*d - 3*d - 42. Calculate the remainder when d is divided by k.
6
Let x(v) = v**3 + 14*v**2 + 14*v + 17. What is the remainder when 56/1*(-1062)/(-472) is divided by x(-13)?
2
Let s(n) = 9*n + 27. Suppose -2*i + 30 - 4 = 5*b, -4*i + 4*b + 52 = 0. What is the remainder when s(i) is divided by 38?
30
Suppose -1204 = -54*m + 955 - 431. Let p(v) = 16*v + 1. Calculate the remainder when m is divided by p(1).
15
Suppose 325*b + 6191 - 29591 = 0. Let p(t) = 17*t**3 - 2*t**2 - 3*t - 3. Calculate the remainder when p(3) is divided by b.
69
Suppose 2*t + 3*t + 15 = 0. Suppose 32 = 3*r - 3*c - 37, 0 = 2*r + 2*c - 62. What is the remainder when r is divided by (t/(-9))/(1/18)?
3
Let h = 8 + 6. Suppose 92112 = 162*b + 66*b. Calculate the remainder when b is divided by h.
12
Let f = -583 - -301. Let c = f - -290. What is the remainder when 45 is divided by c?
5
What is the remainder when 37 is divided by (-12*(-105)/(-120))/((-9)/6)?
2
Suppose 4*h - 854 = -228 + 394. Calculate the remainder when h is divided by 84.
3
Suppose 55*o - 51*o - 776 = 0. Calculate the remainder when (-124)/31 + 0 + o is divided by 48.
46
Let k be (9 - (-8)/(-2)) + 15. What is the remainder when 4/k - 1676/(-20) is divided by 15?
9
Suppose 5*m = 9*m - 2*q - 1112, 2*m - 4*q = 568. Let v = m - 272. Suppose 5*t - 20 = -0*t. Calculate the remainder when v is divided by t.
0
Let f(o) be the third derivative of -o**5/60 - 23*o**4/24 + 97*o**3/6 - 58*o**2. Calculate the remainder when 47 is divided by f(-26).
9
Let x(j) = 26*j**2 + 5*j + 2. Calculate the remainder when x(2) is divided by (-5)/(-27 - -7) - 1749/(-44).
36
Suppose -m - 2*m + 166 = t, 5*m - 277 = -2*t. Suppose -1581 - 955 + 760 = -74*u. What is the remainder when m is divided by u?
7
Let t be (3/(-21) - 0) + (-174)/(-42). Suppose -o - 3*d + 54 = 0, -5*o - t*d + 234 = -7*d. Calculate the remainder when 189 is divided by o.
45
What is the remainder when 134 is divided by (-10)/((-180)/302) - (-10)/45?
15
Suppose -2*c - 182 = -3*g - 7*c, 0 = -4*g - 4*c + 232. What is the remainder when 354 is divided by g?
30
Let j(i) = -i**2 - 8*i - 10. Let q(x) = x**2 - x - 4. Let s be q(3). Let d be (-10)/(-4)*(-2)/2*s. Calculate the remainder when 10 is divided by j(d).
0
Let u be 34/4 + (-7)/(-84)*18. Suppose 28 = 2*d - n - u, 5*d - 4*n - 89 = 0. Calculate the remainder when 81 is divided by d.
18
Let z(j) = 2*j**3 - 40*j**2 + 2*j + 1. What is the remainder when z(20) is divided by 28?
13
Suppose -8 = -d + 3*d, 0 = -4*a + 5*d + 140. Let u(p) = -p - 23. Let q be u(-18). Calculate the remainder when (q - -1) + (92 - 3) is divided by a.
25
Suppose 35 = 10*u - 5*u. Let r(f) = -f**3 + 7*f**2 + 10*f - 9. What is the remainder when r(u) is divided by 18?
7
Let a = -63301 - -63312. Let z(p) = 18*p**2 + 3*p**3 - 3 + 9*p - 8*p**2 - 2*p**3. What is the remainder when z(-8) is divided by a?
9
Let w = -3994 - -4378. What is the remainder when w is divided by 14?
6
Suppose 3*l + 41*g - 44*g - 40518 = 0, -13*l = -3*g - 175498. What is the remainder when l is divided by 225?
223
Suppose 0 = 3*d - 2*t - 35, d - 5*t = -3*t + 9. Calculate the remainder when 2545 is divided by d.
10
Let j = 32 - 20. Let k(r) = r**2 - r - 30. Let q be k(6). Suppose o - 3 = -m, q = m - o - 4 - 3. What is the remainder when j is divided by m?
2
Let k(j) = -3*j**3 - 15*j**2 - 46*j - 156. Calculate the remainder when k(-8) is divided by 158.
156
Suppose 324003 = 85*x - 59542 + 13200. Calculate the remainder when x is divided by 109.
106
Calculate the remainder when 297 is divided by 13 - (-10 + 15 + -20).
17
Let q = 13 + 7. Let g be (-648)/q + 12/(-20). Calculate the remainder when 64 is divided by (1/5 + (-91)/105)*g.
20
Suppose 0*f = 4*f - f. Suppose f = -t - 4*t + 95. What is the remainder when 28 is divided by t?
9
What is the remainder when (-9 - (4 - 5) - -686)/2 is